{"id":585,"date":"2020-01-21T15:26:21","date_gmt":"2020-01-21T15:26:21","guid":{"rendered":"http:\/\/dev.gartenverband-freiberg.de\/?post_type=product&#038;p=585"},"modified":"2021-07-29T09:41:05","modified_gmt":"2021-07-29T09:41:05","slug":"kgv-am-waldrand-e-v-siebenlehn-parzelle-nr-7","status":"publish","type":"product","link":"https:\/\/gartenverband-freiberg.de\/index.php\/produkt\/kgv-am-waldrand-e-v-siebenlehn-parzelle-nr-7\/","title":{"rendered":"KGV &#8222;Am Waldrand&#8220; e.V. Siebenlehn, Parzelle Nr. 7"},"content":{"rendered":"<div class=\"cofiEntryContentText\">\n<div class=\"cofiEntryContentText1\">KGV &#8222;Am Waldrand&#8220; e.V. Siebenlehn, Parzelle Nr. 7, ruhige Lage am Waldrand, keine Aufbauten, Elektro- und Wasseranschluss liegt an, ab sofort zur kleing\u00e4rtnerischen Nutzung zu verpachten.<br \/>\nGr\u00f6\u00dfe: 449 m\u00b2<br \/>\nkostenfrei<\/div>\n<div class=\"cofiEntryContentText2\">komplett ber\u00e4umt<\/div>\n<div><\/div>\n<\/div>\n<div class=\"cofiEntryContentContact\">\n<h3>Kontakt Daten<\/h3>\n<table class=\"noborder\">\n<tbody>\n<tr>\n<td class=\"noborder\" colspan=\"2\"><\/td>\n<\/tr>\n<tr>\n<td class=\"noborder\" colspan=\"2\">09603 Gro\u00dfschirma \/ OT Siebenlehn<\/td>\n<\/tr>\n<tr>\n<td class=\"noborder\" colspan=\"2\">Telefon: 037322 \/ 459078<\/td>\n<\/tr>\n<\/tbody>\n<\/table>\n<\/div>\n","protected":false},"excerpt":{"rendered":"<p>KGV &#8222;Am Waldrand&#8220; e.V. Siebenlehn, Parzelle Nr. 7, ruhige Lage am Waldrand, keine Aufbauten, Elektro- und Wasseranschluss liegt an, ab sofort zur kleing\u00e4rtnerischen Nutzung zu verpachten. Gr\u00f6\u00dfe: 449 m\u00b2 kostenfrei komplett ber\u00e4umt Kontakt Daten 09603 Gro\u00dfschirma \/ OT Siebenlehn Telefon: 037322 \/ 459078<\/p>\n","protected":false},"featured_media":0,"template":"","meta":[],"product_brand":[],"product_cat":[33],"product_tag":[],"class_list":{"0":"post-585","1":"product","2":"type-product","3":"status-publish","5":"product_cat-09603-grossschirma-siebenlehn-seifersdorf-obergruna-kleinvoigtsberg-rothenfurth","7":"first","8":"instock","9":"shipping-taxable","10":"product-type-simple"},"_links":{"self":[{"href":"https:\/\/gartenverband-freiberg.de\/index.php\/wp-json\/wp\/v2\/product\/585","targetHints":{"allow":["GET"]}}],"collection":[{"href":"https:\/\/gartenverband-freiberg.de\/index.php\/wp-json\/wp\/v2\/product"}],"about":[{"href":"https:\/\/gartenverband-freiberg.de\/index.php\/wp-json\/wp\/v2\/types\/product"}],"wp:attachment":[{"href":"https:\/\/gartenverband-freiberg.de\/index.php\/wp-json\/wp\/v2\/media?parent=585"}],"wp:term":[{"taxonomy":"product_brand","embeddable":true,"href":"https:\/\/gartenverband-freiberg.de\/index.php\/wp-json\/wp\/v2\/product_brand?post=585"},{"taxonomy":"product_cat","embeddable":true,"href":"https:\/\/gartenverband-freiberg.de\/index.php\/wp-json\/wp\/v2\/product_cat?post=585"},{"taxonomy":"product_tag","embeddable":true,"href":"https:\/\/gartenverband-freiberg.de\/index.php\/wp-json\/wp\/v2\/product_tag?post=585"}],"curies":[{"name":"wp","href":"https:\/\/api.w.org\/{rel}","templated":true}]}}

<div class="cofiEntryContentText">
<div class="cofiEntryContentText1">KGV &#8222;Am Waldrand&#8220; e.V. Siebenlehn, Parzelle Nr. 7, ruhige Lage am Waldrand, keine Aufbauten, Elektro- und Wasseranschluss liegt an, ab sofort zur kleingärtnerischen Nutzung zu verpachten.<br />
Größe: 449 m²<br />
kostenfrei</div>
<div class="cofiEntryContentText2">komplett beräumt</div>
<div></div>
</div>
<div class="cofiEntryContentContact">
<h3>Kontakt Daten</h3>
<table class="noborder">
<tbody>
<tr>
<td class="noborder" colspan="2"></td>
</tr>
<tr>
<td class="noborder" colspan="2">09603 Großschirma / OT Siebenlehn</td>
</tr>
<tr>
<td class="noborder" colspan="2">Telefon: 037322 / 459078</td>
</tr>
</tbody>
</table>
</div>

<p>KGV &#8222;Am Waldrand&#8220; e.V. Siebenlehn, Parzelle Nr. 7, ruhige Lage am Waldrand, keine Aufbauten, Elektro- und Wasseranschluss liegt an, ab sofort zur kleingärtnerischen Nutzung zu verpachten. Größe: 449 m² kostenfrei komplett beräumt Kontakt Daten 09603 Großschirma / OT Siebenlehn Telefon: 037322 / 459078</p>
