{"id":9395,"date":"2025-07-23T10:14:11","date_gmt":"2025-07-23T10:14:11","guid":{"rendered":"https:\/\/gartenverband-freiberg.de\/?post_type=product&#038;p=9395"},"modified":"2025-07-23T10:23:49","modified_gmt":"2025-07-23T10:23:49","slug":"kgv-waldesruh-e-v-freiberg-parzelle-11","status":"publish","type":"product","link":"https:\/\/gartenverband-freiberg.de\/index.php\/produkt\/kgv-waldesruh-e-v-freiberg-parzelle-11\/","title":{"rendered":"KGV &#8222;Waldesruh&#8220; e.V. Freiberg, Parzelle 11"},"content":{"rendered":"<p>Die Parzelle 11 im KGV Waldesruh ist noch bis 30.11.2025 verpachtet.<\/p>\n<p>Gesucht wird ein neue P\u00e4chter.<\/p>\n<p>Eine Garten\u00fcbergabe ist ab Ende September\/Anfang Oktober m\u00f6glich.<\/p>\n<p>Der Kleingarten hat eine Gr\u00f6\u00dfe von 299m\u00b2 und verf\u00fcgt \u00fcber eine 21m\u00b2 gro\u00dfe Laube.<\/p>\n<p>Wasser- und Stromanschluss sind vorhanden<\/p>\n<p>Zum Auffangen von Regenwasser sind ein Regenwasserbeh\u00e4lter und 2 Wasserf\u00e4sser vorhanden.<\/p>\n<p>Ein Wertgutachten liegt vor.<\/p>\n<p>Preis nach VB.<\/p>\n<p>Weitere Informationen und den Kontakt zum P\u00e4chter erhalten Sie unter:<\/p>\n<p>info@gartenverband-freiberg.de<\/p>\n","protected":false},"excerpt":{"rendered":"<p>Die Parzelle 11 im KGV Waldesruh ist noch bis 30.11.2025 verpachtet. Gesucht wird ein neue P\u00e4chter. Eine Garten\u00fcbergabe ist ab Ende September\/Anfang Oktober m\u00f6glich. Der Kleingarten hat eine Gr\u00f6\u00dfe von 299m\u00b2 und verf\u00fcgt \u00fcber eine 21m\u00b2 gro\u00dfe Laube. Wasser- und Stromanschluss sind vorhanden Zum Auffangen von Regenwasser sind ein Regenwasserbeh\u00e4lter und 2 Wasserf\u00e4sser vorhanden. Ein [&hellip;]<\/p>\n","protected":false},"featured_media":9396,"template":"","meta":[],"product_brand":[],"product_cat":[20],"product_tag":[],"class_list":{"0":"post-9395","1":"product","2":"type-product","3":"status-publish","4":"has-post-thumbnail","6":"product_cat-09599-freiberg-halsbach-zug-kleinwaltersdorf","8":"first","9":"instock","10":"shipping-taxable","11":"product-type-simple"},"_links":{"self":[{"href":"https:\/\/gartenverband-freiberg.de\/index.php\/wp-json\/wp\/v2\/product\/9395","targetHints":{"allow":["GET"]}}],"collection":[{"href":"https:\/\/gartenverband-freiberg.de\/index.php\/wp-json\/wp\/v2\/product"}],"about":[{"href":"https:\/\/gartenverband-freiberg.de\/index.php\/wp-json\/wp\/v2\/types\/product"}],"wp:featuredmedia":[{"embeddable":true,"href":"https:\/\/gartenverband-freiberg.de\/index.php\/wp-json\/wp\/v2\/media\/9396"}],"wp:attachment":[{"href":"https:\/\/gartenverband-freiberg.de\/index.php\/wp-json\/wp\/v2\/media?parent=9395"}],"wp:term":[{"taxonomy":"product_brand","embeddable":true,"href":"https:\/\/gartenverband-freiberg.de\/index.php\/wp-json\/wp\/v2\/product_brand?post=9395"},{"taxonomy":"product_cat","embeddable":true,"href":"https:\/\/gartenverband-freiberg.de\/index.php\/wp-json\/wp\/v2\/product_cat?post=9395"},{"taxonomy":"product_tag","embeddable":true,"href":"https:\/\/gartenverband-freiberg.de\/index.php\/wp-json\/wp\/v2\/product_tag?post=9395"}],"curies":[{"name":"wp","href":"https:\/\/api.w.org\/{rel}","templated":true}]}}

<p>Die Parzelle 11 im KGV Waldesruh ist noch bis 30.11.2025 verpachtet.</p>
<p>Gesucht wird ein neue Pächter.</p>
<p>Eine Gartenübergabe ist ab Ende September/Anfang Oktober möglich.</p>
<p>Der Kleingarten hat eine Größe von 299m² und verfügt über eine 21m² große Laube.</p>
<p>Wasser- und Stromanschluss sind vorhanden</p>
<p>Zum Auffangen von Regenwasser sind ein Regenwasserbehälter und 2 Wasserfässer vorhanden.</p>
<p>Ein Wertgutachten liegt vor.</p>
<p>Preis nach VB.</p>
<p>Weitere Informationen und den Kontakt zum Pächter erhalten Sie unter:</p>
<p>info@gartenverband-freiberg.de</p>

<p>Die Parzelle 11 im KGV Waldesruh ist noch bis 30.11.2025 verpachtet. Gesucht wird ein neue Pächter. Eine Gartenübergabe ist ab Ende September/Anfang Oktober möglich. Der Kleingarten hat eine Größe von 299m² und verfügt über eine 21m² große Laube. Wasser- und Stromanschluss sind vorhanden Zum Auffangen von Regenwasser sind ein Regenwasserbehälter und 2 Wasserfässer vorhanden. Ein [&hellip;]</p>
