{"id":9413,"date":"2025-08-05T11:13:58","date_gmt":"2025-08-05T11:13:58","guid":{"rendered":"https:\/\/gartenverband-freiberg.de\/?post_type=product&#038;p=9413"},"modified":"2025-08-05T11:34:32","modified_gmt":"2025-08-05T11:34:32","slug":"kgv-claussallee-1899-e-v-freiberg-parzelle-47","status":"publish","type":"product","link":"https:\/\/gartenverband-freiberg.de\/index.php\/produkt\/kgv-claussallee-1899-e-v-freiberg-parzelle-47\/","title":{"rendered":"KGV Clau\u00dfallee 1899 e.V. Freiberg, Parzelle 47"},"content":{"rendered":"<p>Die Kleingartenanlage &#8222;Clau\u00dfallee 1899&#8220; befindet sich, zentrumnah, an der Lessingstra\u00dfe \/ Clau\u00dfallee . Neu zu verpachten ist die Parzelle 47.<\/p>\n<p>Der Kleingarten hat eine Gr\u00f6\u00dfe von 120 m\u00b2 und verf\u00fcgt \u00fcber eine Holzlaube und einen kleinen Schuppen. Beides ist reparaturbed\u00fcrftig. Je ein Wasser- und Stromanschluss sind vorhanden.<\/p>\n<p>Der Garten kann individuell im Rahmen der gesetzlichen Regelungen neu gestaltet werden.<\/p>\n<p>Ein Wertgutachten liegt vor.<\/p>\n<p>Preis nach VB.<\/p>\n<p>Weitere Informationen unter:<\/p>\n<p>Gartenverein1899@web.de<\/p>\n<p>oder Tel.: 0152 36922745<\/p>\n","protected":false},"excerpt":{"rendered":"<p>Die Kleingartenanlage &#8222;Clau\u00dfallee 1899&#8220; befindet sich, zentrumnah, an der Lessingstra\u00dfe \/ Clau\u00dfallee . Neu zu verpachten ist die Parzelle 47. Der Kleingarten hat eine Gr\u00f6\u00dfe von 120 m\u00b2 und verf\u00fcgt \u00fcber eine Holzlaube und einen kleinen Schuppen. Beides ist reparaturbed\u00fcrftig. Je ein Wasser- und Stromanschluss sind vorhanden. Der Garten kann individuell im Rahmen der gesetzlichen [&hellip;]<\/p>\n","protected":false},"featured_media":9414,"template":"","meta":[],"product_brand":[],"product_cat":[20],"product_tag":[],"class_list":{"0":"post-9413","1":"product","2":"type-product","3":"status-publish","4":"has-post-thumbnail","6":"product_cat-09599-freiberg-halsbach-zug-kleinwaltersdorf","8":"first","9":"instock","10":"shipping-taxable","11":"product-type-simple"},"_links":{"self":[{"href":"https:\/\/gartenverband-freiberg.de\/index.php\/wp-json\/wp\/v2\/product\/9413","targetHints":{"allow":["GET"]}}],"collection":[{"href":"https:\/\/gartenverband-freiberg.de\/index.php\/wp-json\/wp\/v2\/product"}],"about":[{"href":"https:\/\/gartenverband-freiberg.de\/index.php\/wp-json\/wp\/v2\/types\/product"}],"wp:featuredmedia":[{"embeddable":true,"href":"https:\/\/gartenverband-freiberg.de\/index.php\/wp-json\/wp\/v2\/media\/9414"}],"wp:attachment":[{"href":"https:\/\/gartenverband-freiberg.de\/index.php\/wp-json\/wp\/v2\/media?parent=9413"}],"wp:term":[{"taxonomy":"product_brand","embeddable":true,"href":"https:\/\/gartenverband-freiberg.de\/index.php\/wp-json\/wp\/v2\/product_brand?post=9413"},{"taxonomy":"product_cat","embeddable":true,"href":"https:\/\/gartenverband-freiberg.de\/index.php\/wp-json\/wp\/v2\/product_cat?post=9413"},{"taxonomy":"product_tag","embeddable":true,"href":"https:\/\/gartenverband-freiberg.de\/index.php\/wp-json\/wp\/v2\/product_tag?post=9413"}],"curies":[{"name":"wp","href":"https:\/\/api.w.org\/{rel}","templated":true}]}}

KGV Claußallee 1899 e.V. Freiberg, Parzelle 47

<p>Die Kleingartenanlage &#8222;Claußallee 1899&#8220; befindet sich, zentrumnah, an der Lessingstraße / Claußallee . Neu zu verpachten ist die Parzelle 47.</p>
<p>Der Kleingarten hat eine Größe von 120 m² und verfügt über eine Holzlaube und einen kleinen Schuppen. Beides ist reparaturbedürftig. Je ein Wasser- und Stromanschluss sind vorhanden.</p>
<p>Der Garten kann individuell im Rahmen der gesetzlichen Regelungen neu gestaltet werden.</p>
<p>Ein Wertgutachten liegt vor.</p>
<p>Preis nach VB.</p>
<p>Weitere Informationen unter:</p>
<p>Gartenverein1899@web.de</p>
<p>oder Tel.: 0152 36922745</p>

<p>Die Kleingartenanlage &#8222;Claußallee 1899&#8220; befindet sich, zentrumnah, an der Lessingstraße / Claußallee . Neu zu verpachten ist die Parzelle 47. Der Kleingarten hat eine Größe von 120 m² und verfügt über eine Holzlaube und einen kleinen Schuppen. Beides ist reparaturbedürftig. Je ein Wasser- und Stromanschluss sind vorhanden. Der Garten kann individuell im Rahmen der gesetzlichen [&hellip;]</p>
