{"id":9584,"date":"2025-10-21T05:48:31","date_gmt":"2025-10-21T05:48:31","guid":{"rendered":"https:\/\/gartenverband-freiberg.de\/?post_type=product&#038;p=9584"},"modified":"2026-03-05T06:28:26","modified_gmt":"2026-03-05T06:28:26","slug":"kgv-birkenweg-e-v-freiberg-parzelle-18","status":"publish","type":"product","link":"https:\/\/gartenverband-freiberg.de\/index.php\/produkt\/kgv-birkenweg-e-v-freiberg-parzelle-18\/","title":{"rendered":"KGV &#8222;Birkenweg&#8220; e.V. Freiberg, Parzelle 8"},"content":{"rendered":"<p>Die Kleingartenanlage &#8222;Birkenweg&#8220; befindet sich mit 17 Parzellen im M\u00fcnzbachtal.<\/p>\n<p>Ab sofort ist die Parzelle 8 (Gr\u00f6\u00dfe 228 m\u00b2)\u00a0 altersbedingt neu zu verpachten.<\/p>\n<p>Zum Kleingarten geh\u00f6rt eine Laube und ein Gew\u00e4chshaus.<\/p>\n<p>Je ein Strom- und Wasseranschluss sind vorhanden.<\/p>\n<p>Die Parzelle kann im Rahmen der gesetzlichen Regelungen individuell neu gestaltet werden.<\/p>\n<p>Weitere Informationen unter: \u00a0<a href=\"mailto:kgv-birkenweg@gmx.de\">kgv-birkenweg@gmx.de<\/a><\/p>\n<table width=\"222\">\n<tbody>\n<tr>\n<td width=\"222\"><\/td>\n<\/tr>\n<\/tbody>\n<\/table>\n","protected":false},"excerpt":{"rendered":"<p>Die Kleingartenanlage &#8222;Birkenweg&#8220; befindet sich mit 17 Parzellen im M\u00fcnzbachtal. Ab sofort ist die Parzelle 8 (Gr\u00f6\u00dfe 228 m\u00b2)\u00a0 altersbedingt neu zu verpachten. Zum Kleingarten geh\u00f6rt eine Laube und ein Gew\u00e4chshaus. Je ein Strom- und Wasseranschluss sind vorhanden. Die Parzelle kann im Rahmen der gesetzlichen Regelungen individuell neu gestaltet werden. Weitere Informationen unter: \u00a0kgv-birkenweg@gmx.de<\/p>\n","protected":false},"featured_media":9588,"template":"","meta":[],"product_brand":[],"product_cat":[20],"product_tag":[],"class_list":{"0":"post-9584","1":"product","2":"type-product","3":"status-publish","4":"has-post-thumbnail","6":"product_cat-09599-freiberg-halsbach-zug-kleinwaltersdorf","8":"first","9":"instock","10":"shipping-taxable","11":"product-type-simple"},"_links":{"self":[{"href":"https:\/\/gartenverband-freiberg.de\/index.php\/wp-json\/wp\/v2\/product\/9584","targetHints":{"allow":["GET"]}}],"collection":[{"href":"https:\/\/gartenverband-freiberg.de\/index.php\/wp-json\/wp\/v2\/product"}],"about":[{"href":"https:\/\/gartenverband-freiberg.de\/index.php\/wp-json\/wp\/v2\/types\/product"}],"wp:featuredmedia":[{"embeddable":true,"href":"https:\/\/gartenverband-freiberg.de\/index.php\/wp-json\/wp\/v2\/media\/9588"}],"wp:attachment":[{"href":"https:\/\/gartenverband-freiberg.de\/index.php\/wp-json\/wp\/v2\/media?parent=9584"}],"wp:term":[{"taxonomy":"product_brand","embeddable":true,"href":"https:\/\/gartenverband-freiberg.de\/index.php\/wp-json\/wp\/v2\/product_brand?post=9584"},{"taxonomy":"product_cat","embeddable":true,"href":"https:\/\/gartenverband-freiberg.de\/index.php\/wp-json\/wp\/v2\/product_cat?post=9584"},{"taxonomy":"product_tag","embeddable":true,"href":"https:\/\/gartenverband-freiberg.de\/index.php\/wp-json\/wp\/v2\/product_tag?post=9584"}],"curies":[{"name":"wp","href":"https:\/\/api.w.org\/{rel}","templated":true}]}}

<p>Die Kleingartenanlage &#8222;Birkenweg&#8220; befindet sich mit 17 Parzellen im Münzbachtal.</p>
<p>Ab sofort ist die Parzelle 8 (Größe 228 m²)  altersbedingt neu zu verpachten.</p>
<p>Zum Kleingarten gehört eine Laube und ein Gewächshaus.</p>
<p>Je ein Strom- und Wasseranschluss sind vorhanden.</p>
<p>Die Parzelle kann im Rahmen der gesetzlichen Regelungen individuell neu gestaltet werden.</p>
<p>Weitere Informationen unter:  <a href="mailto:kgv-birkenweg@gmx.de">kgv-birkenweg@gmx.de</a></p>
<table width="222">
<tbody>
<tr>
<td width="222"></td>
</tr>
</tbody>
</table>

<p>Die Kleingartenanlage &#8222;Birkenweg&#8220; befindet sich mit 17 Parzellen im Münzbachtal. Ab sofort ist die Parzelle 8 (Größe 228 m²)  altersbedingt neu zu verpachten. Zum Kleingarten gehört eine Laube und ein Gewächshaus. Je ein Strom- und Wasseranschluss sind vorhanden. Die Parzelle kann im Rahmen der gesetzlichen Regelungen individuell neu gestaltet werden. Weitere Informationen unter:  kgv-birkenweg@gmx.de</p>
