{"id":9597,"date":"2025-10-23T14:26:24","date_gmt":"2025-10-23T14:26:24","guid":{"rendered":"https:\/\/gartenverband-freiberg.de\/?post_type=product&#038;p=9597"},"modified":"2025-10-23T14:26:24","modified_gmt":"2025-10-23T14:26:24","slug":"kgv-gruene-oase-e-v-siebenlehn-parzelle-5","status":"publish","type":"product","link":"https:\/\/gartenverband-freiberg.de\/index.php\/produkt\/kgv-gruene-oase-e-v-siebenlehn-parzelle-5\/","title":{"rendered":"KGV &#8222;Gr\u00fcne Oase&#8220; e.V. Siebenlehn, Parzelle 5"},"content":{"rendered":"<p>Die Kleingartenanlage &#8222;Gr\u00fcne Oase&#8220; Siebenlehn befindet sich idyllisch gelegen am Zellwald und ist gut \u00fcber die B101 zu erreichen.<\/p>\n<p>Aus gesundheitlichen Gr\u00fcnden wird ab sofort die Parzelle 5 neu verpachtet.<\/p>\n<p>Der Kleingarten hat eine Gr\u00f6\u00dfe von 300 m\u00b2. Die Parzelle verf\u00fcgt \u00fcber je einen Wasser- und Stromanschluss und eine Laube (22 m\u00b2).<\/p>\n<p>Die Pachtfl\u00e4che befindet sich im Eigentum des Kleing\u00e4rtnervereins.<\/p>\n<p>Die Parzelle kann im Rahmen der gesetzlichen Regelungen individuell neu gestaltet werden.<\/p>\n<p>Preis nach VB<\/p>\n<p>Weitere Informationen unter: loehn@t-online.de<\/p>\n","protected":false},"excerpt":{"rendered":"<p>Die Kleingartenanlage &#8222;Gr\u00fcne Oase&#8220; Siebenlehn befindet sich idyllisch gelegen am Zellwald und ist gut \u00fcber die B101 zu erreichen. Aus gesundheitlichen Gr\u00fcnden wird ab sofort die Parzelle 5 neu verpachtet. Der Kleingarten hat eine Gr\u00f6\u00dfe von 300 m\u00b2. Die Parzelle verf\u00fcgt \u00fcber je einen Wasser- und Stromanschluss und eine Laube (22 m\u00b2). Die Pachtfl\u00e4che befindet [&hellip;]<\/p>\n","protected":false},"featured_media":9599,"template":"","meta":[],"product_brand":[],"product_cat":[33],"product_tag":[],"class_list":{"0":"post-9597","1":"product","2":"type-product","3":"status-publish","4":"has-post-thumbnail","6":"product_cat-09603-grossschirma-siebenlehn-seifersdorf-obergruna-kleinvoigtsberg-rothenfurth","8":"first","9":"instock","10":"shipping-taxable","11":"product-type-simple"},"_links":{"self":[{"href":"https:\/\/gartenverband-freiberg.de\/index.php\/wp-json\/wp\/v2\/product\/9597","targetHints":{"allow":["GET"]}}],"collection":[{"href":"https:\/\/gartenverband-freiberg.de\/index.php\/wp-json\/wp\/v2\/product"}],"about":[{"href":"https:\/\/gartenverband-freiberg.de\/index.php\/wp-json\/wp\/v2\/types\/product"}],"wp:featuredmedia":[{"embeddable":true,"href":"https:\/\/gartenverband-freiberg.de\/index.php\/wp-json\/wp\/v2\/media\/9599"}],"wp:attachment":[{"href":"https:\/\/gartenverband-freiberg.de\/index.php\/wp-json\/wp\/v2\/media?parent=9597"}],"wp:term":[{"taxonomy":"product_brand","embeddable":true,"href":"https:\/\/gartenverband-freiberg.de\/index.php\/wp-json\/wp\/v2\/product_brand?post=9597"},{"taxonomy":"product_cat","embeddable":true,"href":"https:\/\/gartenverband-freiberg.de\/index.php\/wp-json\/wp\/v2\/product_cat?post=9597"},{"taxonomy":"product_tag","embeddable":true,"href":"https:\/\/gartenverband-freiberg.de\/index.php\/wp-json\/wp\/v2\/product_tag?post=9597"}],"curies":[{"name":"wp","href":"https:\/\/api.w.org\/{rel}","templated":true}]}}

KGV &#8222;Grüne Oase&#8220; e.V. Siebenlehn, Parzelle 5

<p>Die Kleingartenanlage &#8222;Grüne Oase&#8220; Siebenlehn befindet sich idyllisch gelegen am Zellwald und ist gut über die B101 zu erreichen.</p>
<p>Aus gesundheitlichen Gründen wird ab sofort die Parzelle 5 neu verpachtet.</p>
<p>Der Kleingarten hat eine Größe von 300 m². Die Parzelle verfügt über je einen Wasser- und Stromanschluss und eine Laube (22 m²).</p>
<p>Die Pachtfläche befindet sich im Eigentum des Kleingärtnervereins.</p>
<p>Die Parzelle kann im Rahmen der gesetzlichen Regelungen individuell neu gestaltet werden.</p>
<p>Preis nach VB</p>
<p>Weitere Informationen unter: loehn@t-online.de</p>

<p>Die Kleingartenanlage &#8222;Grüne Oase&#8220; Siebenlehn befindet sich idyllisch gelegen am Zellwald und ist gut über die B101 zu erreichen. Aus gesundheitlichen Gründen wird ab sofort die Parzelle 5 neu verpachtet. Der Kleingarten hat eine Größe von 300 m². Die Parzelle verfügt über je einen Wasser- und Stromanschluss und eine Laube (22 m²). Die Pachtfläche befindet [&hellip;]</p>
