{"id":9675,"date":"2026-01-20T06:07:56","date_gmt":"2026-01-20T06:07:56","guid":{"rendered":"https:\/\/gartenverband-freiberg.de\/?post_type=product&#038;p=9675"},"modified":"2026-01-20T06:20:07","modified_gmt":"2026-01-20T06:20:07","slug":"kgv-junge-hohe-birke-e-v-zug-parzelle-6","status":"publish","type":"product","link":"https:\/\/gartenverband-freiberg.de\/index.php\/produkt\/kgv-junge-hohe-birke-e-v-zug-parzelle-6\/","title":{"rendered":"KGV &#8222;Junge Hohe Birke&#8220; e.V. Zug, Parzelle 6"},"content":{"rendered":"<p>Die kleine Kleingartenanlage des KGV &#8222;Junge Hohe Birke&#8220; e.V. befindet sich, sehr ruhig gelegen, am M\u00fcnzbachweg in 09599 Zug.\u00a0 Zur Gartenanlage geh\u00f6ren 11 Parzellen.<\/p>\n<p>Die Parzelle 6 wird ab sofort neu verpachtet. Die Parzelle hat eine Gr\u00f6\u00dfe von 443 m\u00b2 und verf\u00fcgt \u00fcber eine Laube (ca. 33 m\u00b2). Je ein Strom- und Wasseranschluss sind vorhanden. Zudem befindet sich im Garten ein Gew\u00e4chshaus. PKW-Stellpl\u00e4tze sind vorhanden.<\/p>\n<p>Der Kleingarten befindet sich in einem ber\u00e4umten Zustand und kann im Rahmen der gesetzlichen Regelungen individuell neu gestaltet werden.<\/p>\n<p>Ein Wertgutachten liegt vor. Preis nach VB.<\/p>\n<p>Weitere Informationen unter: troeger-61@web.de<\/p>\n","protected":false},"excerpt":{"rendered":"<p>Die kleine Kleingartenanlage des KGV &#8222;Junge Hohe Birke&#8220; e.V. befindet sich, sehr ruhig gelegen, am M\u00fcnzbachweg in 09599 Zug.\u00a0 Zur Gartenanlage geh\u00f6ren 11 Parzellen. Die Parzelle 6 wird ab sofort neu verpachtet. Die Parzelle hat eine Gr\u00f6\u00dfe von 443 m\u00b2 und verf\u00fcgt \u00fcber eine Laube (ca. 33 m\u00b2). Je ein Strom- und Wasseranschluss sind vorhanden. [&hellip;]<\/p>\n","protected":false},"featured_media":9676,"template":"","meta":[],"product_brand":[],"product_cat":[20],"product_tag":[],"class_list":{"0":"post-9675","1":"product","2":"type-product","3":"status-publish","4":"has-post-thumbnail","6":"product_cat-09599-freiberg-halsbach-zug-kleinwaltersdorf","8":"first","9":"instock","10":"shipping-taxable","11":"product-type-simple"},"_links":{"self":[{"href":"https:\/\/gartenverband-freiberg.de\/index.php\/wp-json\/wp\/v2\/product\/9675","targetHints":{"allow":["GET"]}}],"collection":[{"href":"https:\/\/gartenverband-freiberg.de\/index.php\/wp-json\/wp\/v2\/product"}],"about":[{"href":"https:\/\/gartenverband-freiberg.de\/index.php\/wp-json\/wp\/v2\/types\/product"}],"wp:featuredmedia":[{"embeddable":true,"href":"https:\/\/gartenverband-freiberg.de\/index.php\/wp-json\/wp\/v2\/media\/9676"}],"wp:attachment":[{"href":"https:\/\/gartenverband-freiberg.de\/index.php\/wp-json\/wp\/v2\/media?parent=9675"}],"wp:term":[{"taxonomy":"product_brand","embeddable":true,"href":"https:\/\/gartenverband-freiberg.de\/index.php\/wp-json\/wp\/v2\/product_brand?post=9675"},{"taxonomy":"product_cat","embeddable":true,"href":"https:\/\/gartenverband-freiberg.de\/index.php\/wp-json\/wp\/v2\/product_cat?post=9675"},{"taxonomy":"product_tag","embeddable":true,"href":"https:\/\/gartenverband-freiberg.de\/index.php\/wp-json\/wp\/v2\/product_tag?post=9675"}],"curies":[{"name":"wp","href":"https:\/\/api.w.org\/{rel}","templated":true}]}}

<p>Die kleine Kleingartenanlage des KGV &#8222;Junge Hohe Birke&#8220; e.V. befindet sich, sehr ruhig gelegen, am Münzbachweg in 09599 Zug.  Zur Gartenanlage gehören 11 Parzellen.</p>
<p>Die Parzelle 6 wird ab sofort neu verpachtet. Die Parzelle hat eine Größe von 443 m² und verfügt über eine Laube (ca. 33 m²). Je ein Strom- und Wasseranschluss sind vorhanden. Zudem befindet sich im Garten ein Gewächshaus. PKW-Stellplätze sind vorhanden.</p>
<p>Der Kleingarten befindet sich in einem beräumten Zustand und kann im Rahmen der gesetzlichen Regelungen individuell neu gestaltet werden.</p>
<p>Ein Wertgutachten liegt vor. Preis nach VB.</p>
<p>Weitere Informationen unter: troeger-61@web.de</p>

<p>Die kleine Kleingartenanlage des KGV &#8222;Junge Hohe Birke&#8220; e.V. befindet sich, sehr ruhig gelegen, am Münzbachweg in 09599 Zug.  Zur Gartenanlage gehören 11 Parzellen. Die Parzelle 6 wird ab sofort neu verpachtet. Die Parzelle hat eine Größe von 443 m² und verfügt über eine Laube (ca. 33 m²). Je ein Strom- und Wasseranschluss sind vorhanden. [&hellip;]</p>
