{"id":9698,"date":"2026-02-03T11:08:36","date_gmt":"2026-02-03T11:08:36","guid":{"rendered":"https:\/\/gartenverband-freiberg.de\/?post_type=product&#038;p=9698"},"modified":"2026-02-03T11:08:36","modified_gmt":"2026-02-03T11:08:36","slug":"kgv-am-wasserturm-e-v-freiberg-parzelle-47","status":"publish","type":"product","link":"https:\/\/gartenverband-freiberg.de\/index.php\/produkt\/kgv-am-wasserturm-e-v-freiberg-parzelle-47\/","title":{"rendered":"KGV &#8222;Am Wasserturm&#8220; e.V. Freiberg, Parzelle 47"},"content":{"rendered":"<p>Die Kleingartenanlage des KGV &#8222;Am Wasserturm&#8220; befindet sich am Stadtrand von Freiberg an der Chemnitzer Stra\u00dfe. Zur Gartenanlage geh\u00f6ren 130 Parzellen.<\/p>\n<p>Altersbedingt wird f\u00fcr die Parzelle 47 ab sofort ein Nachp\u00e4chter gesucht. Die Parzelle befindet sich in einem gepflegten und bewirtschafteten Zustand und hat eine Gr\u00f6\u00dfe von 170 m\u00b2. Zum Kleingarten geh\u00f6rt ein Gew\u00e4chshaus und eine Laube. Je ein Strom- und Wasseranschluss sind vorhanden.<\/p>\n<p>Ein Wertgutachten liegt vor.<\/p>\n<p>Die Parzelle kann im Rahmen der gesetzlichen Regelungen individuell neu gestaltet werden.<\/p>\n<p>Preis nach VB.<\/p>\n<p>Weitere Informationen unter: 03731 71488<\/p>\n","protected":false},"excerpt":{"rendered":"<p>Die Kleingartenanlage des KGV &#8222;Am Wasserturm&#8220; befindet sich am Stadtrand von Freiberg an der Chemnitzer Stra\u00dfe. Zur Gartenanlage geh\u00f6ren 130 Parzellen. Altersbedingt wird f\u00fcr die Parzelle 47 ab sofort ein Nachp\u00e4chter gesucht. Die Parzelle befindet sich in einem gepflegten und bewirtschafteten Zustand und hat eine Gr\u00f6\u00dfe von 170 m\u00b2. Zum Kleingarten geh\u00f6rt ein Gew\u00e4chshaus und [&hellip;]<\/p>\n","protected":false},"featured_media":9699,"template":"","meta":[],"product_brand":[],"product_cat":[20],"product_tag":[],"class_list":{"0":"post-9698","1":"product","2":"type-product","3":"status-publish","4":"has-post-thumbnail","6":"product_cat-09599-freiberg-halsbach-zug-kleinwaltersdorf","8":"first","9":"instock","10":"shipping-taxable","11":"product-type-simple"},"_links":{"self":[{"href":"https:\/\/gartenverband-freiberg.de\/index.php\/wp-json\/wp\/v2\/product\/9698","targetHints":{"allow":["GET"]}}],"collection":[{"href":"https:\/\/gartenverband-freiberg.de\/index.php\/wp-json\/wp\/v2\/product"}],"about":[{"href":"https:\/\/gartenverband-freiberg.de\/index.php\/wp-json\/wp\/v2\/types\/product"}],"wp:featuredmedia":[{"embeddable":true,"href":"https:\/\/gartenverband-freiberg.de\/index.php\/wp-json\/wp\/v2\/media\/9699"}],"wp:attachment":[{"href":"https:\/\/gartenverband-freiberg.de\/index.php\/wp-json\/wp\/v2\/media?parent=9698"}],"wp:term":[{"taxonomy":"product_brand","embeddable":true,"href":"https:\/\/gartenverband-freiberg.de\/index.php\/wp-json\/wp\/v2\/product_brand?post=9698"},{"taxonomy":"product_cat","embeddable":true,"href":"https:\/\/gartenverband-freiberg.de\/index.php\/wp-json\/wp\/v2\/product_cat?post=9698"},{"taxonomy":"product_tag","embeddable":true,"href":"https:\/\/gartenverband-freiberg.de\/index.php\/wp-json\/wp\/v2\/product_tag?post=9698"}],"curies":[{"name":"wp","href":"https:\/\/api.w.org\/{rel}","templated":true}]}}

<p>Die Kleingartenanlage des KGV &#8222;Am Wasserturm&#8220; befindet sich am Stadtrand von Freiberg an der Chemnitzer Straße. Zur Gartenanlage gehören 130 Parzellen.</p>
<p>Altersbedingt wird für die Parzelle 47 ab sofort ein Nachpächter gesucht. Die Parzelle befindet sich in einem gepflegten und bewirtschafteten Zustand und hat eine Größe von 170 m². Zum Kleingarten gehört ein Gewächshaus und eine Laube. Je ein Strom- und Wasseranschluss sind vorhanden.</p>
<p>Ein Wertgutachten liegt vor.</p>
<p>Die Parzelle kann im Rahmen der gesetzlichen Regelungen individuell neu gestaltet werden.</p>
<p>Preis nach VB.</p>
<p>Weitere Informationen unter: 03731 71488</p>

<p>Die Kleingartenanlage des KGV &#8222;Am Wasserturm&#8220; befindet sich am Stadtrand von Freiberg an der Chemnitzer Straße. Zur Gartenanlage gehören 130 Parzellen. Altersbedingt wird für die Parzelle 47 ab sofort ein Nachpächter gesucht. Die Parzelle befindet sich in einem gepflegten und bewirtschafteten Zustand und hat eine Größe von 170 m². Zum Kleingarten gehört ein Gewächshaus und [&hellip;]</p>
