{"id":9882,"date":"2026-04-01T12:16:07","date_gmt":"2026-04-01T12:16:07","guid":{"rendered":"https:\/\/gartenverband-freiberg.de\/?post_type=product&#038;p=9882"},"modified":"2026-04-01T12:16:07","modified_gmt":"2026-04-01T12:16:07","slug":"kgv-am-wald-e-v-siebenlehn-parzelle-7","status":"publish","type":"product","link":"https:\/\/gartenverband-freiberg.de\/index.php\/produkt\/kgv-am-wald-e-v-siebenlehn-parzelle-7\/","title":{"rendered":"KGV &#8222;Am Wald&#8220; e.V. Siebenlehn, Parzelle 7"},"content":{"rendered":"<p>Die Kleingartenanlage &#8222;Am Wald&#8220; befindet sich ruhig gelegen Am Waldrand in 09603 Siebenlehn. Zur Anlage geh\u00f6ren 12 Parzellen.<\/p>\n<p>Ab sofort ist die Parzelle 7 neu zu verpachten.<\/p>\n<p>Der Garten hat eine Gr\u00f6\u00dfe von 505 qm und ist ein Au\u00dfengarten, der auch gut mit Fahrzeugen erreichbar ist.<\/p>\n<p>Zum Kleingarten geh\u00f6rt eine Laube (ca.30 m\u00b2).<\/p>\n<p>Je ein Wasser- und Energieanschlu\u00df sind vorhanden.<\/p>\n<p>Besichtigung ist mit vorheriger Absprache unter Telefon 0173\/8505718 jederzeit m\u00f6glich.-<\/p>\n","protected":false},"excerpt":{"rendered":"<p>Die Kleingartenanlage &#8222;Am Wald&#8220; befindet sich ruhig gelegen Am Waldrand in 09603 Siebenlehn. Zur Anlage geh\u00f6ren 12 Parzellen. Ab sofort ist die Parzelle 7 neu zu verpachten. Der Garten hat eine Gr\u00f6\u00dfe von 505 qm und ist ein Au\u00dfengarten, der auch gut mit Fahrzeugen erreichbar ist. Zum Kleingarten geh\u00f6rt eine Laube (ca.30 m\u00b2). Je ein [&hellip;]<\/p>\n","protected":false},"featured_media":0,"template":"","meta":[],"product_brand":[],"product_cat":[33],"product_tag":[],"class_list":{"0":"post-9882","1":"product","2":"type-product","3":"status-publish","5":"product_cat-09603-grossschirma-siebenlehn-seifersdorf-obergruna-kleinvoigtsberg-rothenfurth","7":"first","8":"instock","9":"shipping-taxable","10":"product-type-simple"},"_links":{"self":[{"href":"https:\/\/gartenverband-freiberg.de\/index.php\/wp-json\/wp\/v2\/product\/9882","targetHints":{"allow":["GET"]}}],"collection":[{"href":"https:\/\/gartenverband-freiberg.de\/index.php\/wp-json\/wp\/v2\/product"}],"about":[{"href":"https:\/\/gartenverband-freiberg.de\/index.php\/wp-json\/wp\/v2\/types\/product"}],"wp:attachment":[{"href":"https:\/\/gartenverband-freiberg.de\/index.php\/wp-json\/wp\/v2\/media?parent=9882"}],"wp:term":[{"taxonomy":"product_brand","embeddable":true,"href":"https:\/\/gartenverband-freiberg.de\/index.php\/wp-json\/wp\/v2\/product_brand?post=9882"},{"taxonomy":"product_cat","embeddable":true,"href":"https:\/\/gartenverband-freiberg.de\/index.php\/wp-json\/wp\/v2\/product_cat?post=9882"},{"taxonomy":"product_tag","embeddable":true,"href":"https:\/\/gartenverband-freiberg.de\/index.php\/wp-json\/wp\/v2\/product_tag?post=9882"}],"curies":[{"name":"wp","href":"https:\/\/api.w.org\/{rel}","templated":true}]}}

<p>Die Kleingartenanlage &#8222;Am Wald&#8220; befindet sich ruhig gelegen Am Waldrand in 09603 Siebenlehn. Zur Anlage gehören 12 Parzellen.</p>
<p>Ab sofort ist die Parzelle 7 neu zu verpachten.</p>
<p>Der Garten hat eine Größe von 505 qm und ist ein Außengarten, der auch gut mit Fahrzeugen erreichbar ist.</p>
<p>Zum Kleingarten gehört eine Laube (ca.30 m²).</p>
<p>Je ein Wasser- und Energieanschluß sind vorhanden.</p>
<p>Besichtigung ist mit vorheriger Absprache unter Telefon 0173/8505718 jederzeit möglich.-</p>

<p>Die Kleingartenanlage &#8222;Am Wald&#8220; befindet sich ruhig gelegen Am Waldrand in 09603 Siebenlehn. Zur Anlage gehören 12 Parzellen. Ab sofort ist die Parzelle 7 neu zu verpachten. Der Garten hat eine Größe von 505 qm und ist ein Außengarten, der auch gut mit Fahrzeugen erreichbar ist. Zum Kleingarten gehört eine Laube (ca.30 m²). Je ein [&hellip;]</p>
